be 10/4 - p/(-2). Suppose -36 + 4 = -u*s. What is the units digit of s?
8
Suppose z + z - 28 = 0. Let j = -9 + z. Suppose 5*q - 3*d = q + 11, q - 20 = -j*d. What is the units digit of q?
5
Let a(n) = 2*n**3 - 2*n**2 - 2. Let y be a(2). Let t be 1*(-1)/((-1)/y). Suppose 2*k + t = 36. What is the tens digit of k?
1
Let g be 75/12 + 2/(-8). Suppose 2*r - g + 0 = 0. Suppose -5*a + 3*f = -30, -r*a + 3*f + f = -29. What is the units digit of a?
3
Let o(x) = x**3 - 12*x**2 - 8*x - 11. What is the units digit of o(13)?
4
Let f(s) = -s**2 - 3*s + 10. Let u be f(-7). Let g = 26 + u. What is the units digit of g?
8
Let q(r) = -r**2 + 1. Let g(k) = k - 1. Let n be g(2). Let h = n + -1. What is the units digit of q(h)?
1
Let r be ((-156)/(-16))/(3/12). Let z = r + -14. What is the units digit of z?
5
Suppose a - 3*a + 8 = j, -16 = -4*a - 5*j. What is the units digit of a?
4
Suppose 5*t = -4*o + 297, o - t = 2*o - 74. What is the tens digit of o?
7
Suppose -4*c + 62 = 2*t + 12, 2*c - 10 = 2*t. What is the units digit of c?
0
Let j(s) = -9*s - 2. Let w be j(-1). Suppose 26 = v + w. What is the units digit of v?
9
What is the units digit of 5/(-1)*(-72)/45?
8
Let m(q) = 2*q - 12. Let b be m(8). Let j = -3 + b. What is the units digit of (j/3)/(2/24)?
4
Let h(o) be the third derivative of o**6/360 + o**5/30 + o**4/24 - 2*o**2. Let m(q) be the second derivative of h(q). What is the tens digit of m(6)?
1
Suppose 0 = -y - c + 25, 4*y + 3*c + 4 = 109. What is the units digit of y?
0
Let z(q) = q**3 + 12*q**2 - 15*q - 18. What is the units digit of z(-12)?
2
Let v be 0 + 2 + (-4 - -1). What is the units digit of 9*(-3)/(9*v)?
3
Let q = 35 - -31. What is the tens digit of q?
6
Let t be (1 - (4 - 0))/(-1). Let o = 6 - t. What is the units digit of o?
3
Let c = -15 + 33. What is the tens digit of c?
1
Suppose -4 = 3*g + 2*t - 6*t, 3*g + 2*t = 20. Let q = g - -44. What is the units digit of q/20 + 2/(-5)?
2
Suppose -2*t + 307 = i, -t + 171 = -2*i + 6*i. What is the hundreds digit of t?
1
Let b(a) = a**3 - 9*a**2 - 9*a + 1. What is the units digit of b(10)?
1
Let d be 18/(-7)*(-70)/15. Suppose 1 + d = t + 3*n, -4*t + 22 = 2*n. Let z(m) = m**2 - 2*m + 1. What is the units digit of z(t)?
9
Let g(p) = 4*p + 18. Let k(c) = -3*c - 17. Let a(f) = -4*g(f) - 5*k(f). What is the units digit of a(0)?
3
Suppose 0 = 2*d + 56. What is the units digit of (-23)/(-4) - 7/d?
6
Let q(t) = -7*t - 10. Let h be q(-7). Suppose -4*m = -7*m + h. Let c = m + -7. What is the units digit of c?
6
Suppose 2*j + 41 = 383. What is the hundreds digit of j?
1
Let i = 1 + -10. Let n(f) = -f**3 - 8*f**2 + 8*f + 3. What is the units digit of n(i)?
2
Let h(i) = 9*i**2 + 2*i + 1. Let m be (12/10)/((-3)/(-15)). Suppose -4 = 3*d + j, -d - m = 4*j - 1. What is the units digit of h(d)?
8
Suppose 4 = 3*j + j. What is the units digit of j?
1
Let a(j) = j**3 + 10*j**2 - 14*j + 15. What is the units digit of a(-11)?
8
Let l = 88 + 44. What is the tens digit of l?
3
Let i be (-364)/12 - 5/(-15). What is the units digit of (-1164)/(-45) + (-4)/i?
6
Suppose 4*c + 2*r = 30, 0 = -5*c + 4*r + 57. What is the units digit of c?
9
Suppose -4*k = -4*r + 16, 3*k = r + 6*k + 4. Let s be 33/12 - r/(-8). Let i = s - 2. What is the units digit of i?
1
Let k = -65 - -104. Suppose 4*s - k + 3 = 0. Let t = s - 0. What is the units digit of t?
9
Suppose 2*i + 3*r = -11, 0 = -5*i + 6*r - 2*r + 30. Suppose -4*b - v + 63 = 0, i*b - 4*b = 2*v - 24. What is the tens digit of b?
1
Let p(z) = 16*z + 4. What is the tens digit of p(5)?
8
Let h = 171 + -63. What is the hundreds digit of h?
1
Suppose 0 = -3*m + 53 + 49. Suppose -70 = -4*r + m. What is the units digit of r?
6
Let d be (18 - (-3)/(-3)) + -1. Suppose -2*m = m + w - 32, -4*w - d = -4*m. What is the units digit of m?
9
Let h(x) be the first derivative of -x**4/4 - 8*x**3/3 - 9*x**2/2 + 3*x + 1. Let d be h(-7). Let r = 30 - d. What is the tens digit of r?
1
Let q(d) = 3*d - 8. Let m(j) = j - 1. Let l(i) = 4*m(i) - q(i). What is the units digit of l(3)?
7
Let z(v) = v. Let y(x) = -x**3 + 6*x**2 + 2*x. Let i be y(6). What is the tens digit of z(i)?
1
Let k(d) = -d**2 - 5*d - 2. Let s = 3 + -6. Let x be k(s). Suppose 3*a - 4*v = -v + 6, x*a - 12 = 3*v. What is the units digit of a?
6
What is the units digit of (12/(-7))/((-12)/168)?
4
Suppose h - 24 = -2*h - 3*m, -3*m + 21 = 2*h. Suppose -h*k + 74 = -5*s, k = 4*k - s - 82. Let f = -13 + k. What is the units digit of f?
5
Let i(q) = -10 + 10 + 13 + q. Let u(o) = -o**2 - 8*o + 3. Let x be u(-9). What is the units digit of i(x)?
7
What is the tens digit of (-114 + -2)*1/(-2)?
5
Let f = 5 - 2. Suppose 3*o + f = 69. What is the units digit of o?
2
Suppose 0 = 10*r - 6*r - 20. Suppose -r*s = 5*x - 115, 2*x = -0*s + 2*s + 34. What is the tens digit of x?
2
Let a be ((-3)/4)/(12/(-32)). Suppose 5*x + 112 - a = 0. Let k = x - -37. What is the tens digit of k?
1
Suppose -2*f + 16 = 3*b, -2*b + 1 = -3*f + 12. Suppose -29 = b*w - 83. What is the tens digit of w?
2
Suppose -3*x + 4 - 1 = 0. Let c = x - 2. What is the units digit of (-3 + c)*(-1)/2?
2
Let r = 174 - 108. What is the units digit of r?
6
Let q(u) = u**2 + u + 14. What is the units digit of q(0)?
4
Suppose 8*x - 10 = 3*x. Let p be 0*(x - (-9)/(-6)). Suppose -b - 5 + 13 = p. What is the units digit of b?
8
Let p = 33 + -18. Let y be p/(-10) + (-19)/(-2). Suppose -2*b + 2 = -y. What is the units digit of b?
5
Suppose -2*j = -z + 18, 0 = 5*z - 0*j + 3*j - 51. Let h = 4 + z. What is the units digit of h?
6
Suppose 0*o = 2*o - 28. Let p = -4 + o. What is the units digit of p?
0
Suppose -m = 5*z + 2, -4*m + 5 = z - 6. Suppose -5*h = -m*h - 24. What is the units digit of h?
2
Suppose -2*p = -9*p + 994. What is the units digit of p?
2
Let j be 8/(-3)*27/(-6). What is the units digit of (-40)/(-12)*j/5?
8
Let a(o) = 43*o**2 + 2*o + 1. What is the tens digit of a(-1)?
4
Suppose -136 = 4*j - 596. What is the tens digit of j?
1
Let y(x) = x**3 - 8*x**2 + 4. Let g be y(8). Let s = 1 + g. What is the units digit of s?
5
Let p(f) = -f**2 - 13*f - 6. What is the tens digit of p(-10)?
2
Let c be ((-2)/(-6))/(4/84). Suppose -5*b + 27 = c. Suppose -13 = -b*l + 23. What is the units digit of l?
9
Suppose -m - 3*m + 47 = i, 5*m = -5*i + 40. What is the tens digit of m?
1
Suppose 0 = 2*o + 4*x - 68, 5*o = x + 280 - 55. What is the units digit of o?
4
Let s = -15 - -17. Suppose 0 = -0*i + s*i - 74. What is the units digit of i?
7
Suppose -6*u + u = 0. Suppose o - 6*o - 105 = u. What is the units digit of (1*-2)/(6/o)?
7
Let z be -1 + 3 - (5 - 60). Let q = 99 - z. What is the tens digit of q?
4
Suppose 37*b + 120 = 38*b. What is the units digit of b?
0
Suppose -10*v + 5*v - 60 = 0. Let l(a) = -a**2 - 15*a - 16. What is the tens digit of l(v)?
2
Let f be (1/(-2))/((-1)/102). Suppose -4*m + 3*m = 5*l - 11, 0 = m - 5*l - f. Suppose 5*x - m = -4*h, -6 = -4*x - 26. What is the units digit of h?
4
Suppose 2*m + 2*m = 64. Let t = m + -8. Suppose t = -2*v + 3*v. What is the units digit of v?
8
Let q = -44 - -77. Let i = -18 + q. What is the units digit of i?
5
Let q = 11 - 11. What is the units digit of (1 - q)*(10 + 4)?
4
Suppose 2*t - 3 - 7 = 0. Suppose 3*x - 15 = 0, -3*x + 110 = t*o + 5. What is the units digit of o?
8
Suppose m - 3*c = 2*m + 5, -3*c = -5*m + 29. Suppose 35 = m*s - 17. What is the units digit of s?
3
Let k = -196 - -411. What is the hundreds digit of k?
2
Suppose 6*n - 3*n - 2*q - 598 = 0, 390 = 2*n + 3*q. What is the hundreds digit of n?
1
Let n(m) = -3*m - 1. What is the units digit of n(-3)?
8
Let z(s) = -7 + 2*s + s**2 + 7 + 2*s - 8. What is the units digit of z(-7)?
3
Let w be 18/(-12) + (-2)/4. What is the tens digit of 11 + (-1 - (-2 - w))?
1
Let d = -27 - -51. What is the units digit of d?
4
Let y be ((-3)/(-9))/((-3)/(-36)). Suppose y*l - 5 = 7. Let b = l + 2. What is the units digit of b?
5
Let f be 12 + (0 + -4)/4. Suppose 0 = -b + f + 29. What is the units digit of b?
0
Let k = -2 - 0. Let x be 5/4 - k/(-8). Suppose h = x + 9. What is the tens digit of h?
1
Let b be (-3 + 1)*5/(-2). Suppose -b*q + 2*u + 57 = 0, 3*u = 4*q - 0*u - 40. What is the units digit of q?
3
What is the tens digit of 40/(-3 - (-2 + -2))?
4
Suppose 0 = -0*q - 4*q + 12. Suppose -5*y = 4*n - 24, q*n = 5*y - 24 + 